{"id":582,"date":"2025-10-25T12:47:07","date_gmt":"2025-10-25T09:47:07","guid":{"rendered":"https:\/\/bimagaza-avm.bikurumsal.com\/?post_type=product&#038;p=582"},"modified":"2025-10-25T12:47:07","modified_gmt":"2025-10-25T09:47:07","slug":"garaj-girisi-uyari-levhasi","status":"publish","type":"product","link":"https:\/\/bimagaza-avm.bikurumsal.com\/index.php\/urun\/garaj-girisi-uyari-levhasi\/","title":{"rendered":"Garaj Giri\u015fi Uyar\u0131 Levhas\u0131"},"content":{"rendered":"<p>Garaj Giri\u015fidir Park Etmek Yasakt\u0131r Uyar\u0131 Levhas\u0131<br \/>\n\u00dcr\u00fcn zemin malzemesi Al\u00fcminyum Kompozit (Alikobant)<br \/>\n\u00dcr\u00fcn Yaz\u0131 k\u0131sm\u0131 Folyo Uygulamad\u0131r.<\/p>\n<p>\u00d6l\u00e7\u00fcler<\/p>\n<p>30cm x 20cm x 4mm<br \/>\n40cm x 30cm x 4mm<br \/>\n50cm x 35cm x 4mm<\/p>\n<p>\u00dcr\u00fcn \u00dczerine Sizin Belirtece\u011finiz Yaz\u0131 Yaz\u0131larak Haz\u0131rlan\u0131p G\u00f6nderilmektedir.<\/p>\n","protected":false},"excerpt":{"rendered":"<p>Garaj Giri\u015fidir Park Etmek Yasakt\u0131r Uyar\u0131 Levhas\u0131<br \/>\n\u00dcr\u00fcn zemin malzemesi Al\u00fcminyum Kompozit (Alikobant)<br \/>\n\u00dcr\u00fcn Yaz\u0131 k\u0131sm\u0131 Folyo Uygulamad\u0131r.<\/p>\n","protected":false},"featured_media":583,"comment_status":"open","ping_status":"closed","template":"","meta":[],"product_brand":[34],"product_cat":[49,41,43],"product_tag":[],"class_list":{"0":"post-582","1":"product","2":"type-product","3":"status-publish","4":"has-post-thumbnail","6":"product_brand-bireklam-tabela","7":"product_cat-uyari-levhalari","8":"product_cat-apartman-levhalari","9":"product_cat-levhalar","11":"first","12":"instock","13":"sale","14":"shipping-taxable","15":"purchasable","16":"product-type-variable"},"jetpack_sharing_enabled":true,"_links":{"self":[{"href":"https:\/\/bimagaza-avm.bikurumsal.com\/index.php\/wp-json\/wp\/v2\/product\/582","targetHints":{"allow":["GET"]}}],"collection":[{"href":"https:\/\/bimagaza-avm.bikurumsal.com\/index.php\/wp-json\/wp\/v2\/product"}],"about":[{"href":"https:\/\/bimagaza-avm.bikurumsal.com\/index.php\/wp-json\/wp\/v2\/types\/product"}],"replies":[{"embeddable":true,"href":"https:\/\/bimagaza-avm.bikurumsal.com\/index.php\/wp-json\/wp\/v2\/comments?post=582"}],"wp:featuredmedia":[{"embeddable":true,"href":"https:\/\/bimagaza-avm.bikurumsal.com\/index.php\/wp-json\/wp\/v2\/media\/583"}],"wp:attachment":[{"href":"https:\/\/bimagaza-avm.bikurumsal.com\/index.php\/wp-json\/wp\/v2\/media?parent=582"}],"wp:term":[{"taxonomy":"product_brand","embeddable":true,"href":"https:\/\/bimagaza-avm.bikurumsal.com\/index.php\/wp-json\/wp\/v2\/product_brand?post=582"},{"taxonomy":"product_cat","embeddable":true,"href":"https:\/\/bimagaza-avm.bikurumsal.com\/index.php\/wp-json\/wp\/v2\/product_cat?post=582"},{"taxonomy":"product_tag","embeddable":true,"href":"https:\/\/bimagaza-avm.bikurumsal.com\/index.php\/wp-json\/wp\/v2\/product_tag?post=582"}],"curies":[{"name":"wp","href":"https:\/\/api.w.org\/{rel}","templated":true}]}}